{"id":1252,"date":"2019-11-25T10:25:01","date_gmt":"2019-11-25T09:25:01","guid":{"rendered":"http:\/\/lafilmequipe.be\/?page_id=1252"},"modified":"2019-11-25T12:48:33","modified_gmt":"2019-11-25T11:48:33","slug":"habillage-sonores-et-voix-off","status":"publish","type":"page","link":"https:\/\/lafilmequipe.be\/index.php\/services-2\/habillage-sonores-et-voix-off\/","title":{"rendered":"Habillage sonores et voix off"},"content":{"rendered":"\n<header class=\"wp-block-uagb-section uagb-section__wrap uagb-section__background-undefined\" id=\"uagb-section-a91bc4a0-354b-4e66-a5de-17923d273218\"><div class=\"uagb-section__overlay\"><\/div><div class=\"uagb-section__inner-wrap\">\n<div class=\"wp-block-cover alignfull has-background-dim has-background-dim-NaN\" style=\"background-image:url(http:\/\/lafilmequipe.be\/wp-content\/uploads\/2019\/11\/Habillage-sonore.jpg);background-position:69.22019468534977% 19.93903183355564%;min-height:560px\"><div class=\"wp-block-cover__inner-container\">\n<h1 class=\"has-text-align-center\">Habillages sonores et voix off<\/h1>\n\n\n\n<p class=\"has-text-color has-text-align-center has-medium-font-size has-very-light-gray-color\"><a href=\"#habillageson\"><span style=\"color:#eeeeee\" class=\"tadv-color\">Habillage sonore<\/span><\/a>  &#8211;  <a href=\"#voix\">Voix off<\/a>  &#8211;  <a href=\"#studio\">Le studio<\/a><\/p>\n<\/div><\/div>\n<\/div><\/header>\n\n\n\n<section class=\"wp-block-uagb-section uagb-section__wrap uagb-section__background-color alignfull\" id=\"uagb-section-5d3bdc37-25cb-43da-93de-4548efedd961\"><div class=\"uagb-section__overlay\"><\/div><div class=\"uagb-section__inner-wrap\">\n<h2 class=\"has-very-dark-gray-color has-text-color has-text-align-center\" id=\"habillageson\">Habillages sonores<\/h2>\n\n\n\n<hr class=\"wp-block-separator\"\/>\n\n\n\n<section class=\"wp-block-uagb-columns uagb-columns__wrap uagb-columns__background-undefined uagb-columns__stack-mobile uagb-columns__valign-top uagb-columns__gap-10 alignfull\" id=\"uagb-columns-5f9c7c08-2bf1-4b59-84df-0eb4d318c94e\"><div class=\"uagb-columns__overlay\"><\/div><div class=\"uagb-columns__inner-wrap uagb-columns__columns-3\">\n<div class=\"wp-block-uagb-column uagb-column__wrap uagb-column__background-undefined\" id=\"uagb-column-1925ea8e-d8d2-4ef5-b9a4-2d39d3bcfb3d\"><div class=\"uagb-column__overlay\"><\/div><div class=\"uagb-column__inner-wrap\">\n<h2>Le son, notre passion !<\/h2>\n\n\n\n<p>Parce que pour certaines productions, le travail du son a toute son importance, la Film \u00e9quipe s&rsquo;est dot\u00e9e de moyens d&rsquo;enregistrement, de doublage et de post productions ! <\/p>\n\n\n\n<p>Vous avez un spectacle ou une vid\u00e9os et vous d\u00e9sirez un habillage sonore qui ajoute de la vie \u00e0 votre r\u00e9alisation ? Alors nous pouvons vous aidez !<\/p>\n<\/div><\/div>\n\n\n\n<div class=\"wp-block-uagb-column uagb-column__wrap uagb-column__background-undefined\" id=\"uagb-column-092c2a8d-9901-4d25-9f5b-0b9015c92cc6\"><div class=\"uagb-column__overlay\"><\/div><div class=\"uagb-column__inner-wrap\">\n<div class=\"wp-block-uagb-advanced-heading\" id=\"uagb-adv-heading-8dd3edeb-a778-4a13-b930-f6a64d49db85\"><h3 class=\"uagb-heading-text\">Quelques exemples<\/h3><div class=\"uagb-separator-wrap\"><div class=\"uagb-separator\"><\/div><\/div><p class=\"uagb-desc-text\"><\/p><\/div>\n\n\n\n\n\n\n\n<div style=\"height:26px\" aria-hidden=\"true\" class=\"wp-block-spacer\"><\/div>\n\n\n\n<figure class=\"wp-block-embed-facebook wp-block-embed is-type-video is-provider-facebook\"><div class=\"wp-block-embed__wrapper\">\n<div class=\"fb-video\" data-allowfullscreen=\"true\" data-href=\"https:\/\/www.facebook.com\/SDGwatcheurope\/videos\/908546286192691\/?v=908546286192691\"><\/div>\n<\/div><\/figure>\n<\/div><\/div>\n\n\n\n<div class=\"wp-block-uagb-column uagb-column__wrap uagb-column__background-undefined\" id=\"uagb-column-8a61cbc2-6426-4d97-8a25-e5db2c1b3772\"><div class=\"uagb-column__overlay\"><\/div><div class=\"uagb-column__inner-wrap\">\n<ul><li>Banque de donn\u00e9e de bruitages et sound FX<\/li><li>Plusieurs solutions pour la musique (avec droits, sans droits, ou composition originale)<\/li><li>Studio d&rsquo;enregistrement voix et bruitages.<\/li><li>Mixage et mastering.<\/li><\/ul>\n\n\n\n<div class=\"wp-block-button aligncenter is-style-outline\"><a class=\"wp-block-button__link\" href=\"http:\/\/lafilmequipe.be\/index.php\/contact\/\">Recevoir un devis !<\/a><\/div>\n\n\n\n<p class=\"has-text-align-right has-small-font-size\"><\/p>\n<\/div><\/div>\n<\/div><\/section>\n<\/div><\/section>\n\n\n\n<hr class=\"wp-block-separator is-style-wide\"\/>\n\n\n\n<section class=\"wp-block-uagb-section uagb-section__wrap uagb-section__background-color alignfull\" id=\"uagb-section-2bf0005f-0147-492c-aca8-fdc94351d12f\"><div class=\"uagb-section__overlay\"><\/div><div class=\"uagb-section__inner-wrap\">\n<h2 class=\"has-text-align-center\" id=\"voix\">Voix off<\/h2>\n\n\n\n<hr class=\"wp-block-separator\"\/>\n\n\n\n<section class=\"wp-block-uagb-columns uagb-columns__wrap uagb-columns__background-undefined uagb-columns__stack-mobile uagb-columns__valign-top uagb-columns__gap-10 alignfull\" id=\"uagb-columns-4aad7f49-04f9-42ed-bb00-94fed7a4e9db\"><div class=\"uagb-columns__overlay\"><\/div><div class=\"uagb-columns__inner-wrap uagb-columns__columns-3\">\n<div class=\"wp-block-uagb-column uagb-column__wrap uagb-column__background-undefined\" id=\"uagb-column-68a78124-021a-4b30-b162-556fec4e8c70\"><div class=\"uagb-column__overlay\"><\/div><div class=\"uagb-column__inner-wrap\">\n<div class=\"wp-block-uagb-advanced-heading\" id=\"uagb-adv-heading-bddca960-b854-4cfe-9e85-de663887d688\"><h3 class=\"uagb-heading-text\">Quelques exemples<\/h3><div class=\"uagb-separator-wrap\"><div class=\"uagb-separator\"><\/div><\/div><p class=\"uagb-desc-text\"><\/p><\/div>\n\n\n\n\n<\/div><\/div>\n\n\n\n<div class=\"wp-block-uagb-column uagb-column__wrap uagb-column__background-undefined\" id=\"uagb-column-fb218edf-1c0d-42be-9a4c-0debb7e5d26b\"><div class=\"uagb-column__overlay\"><\/div><div class=\"uagb-column__inner-wrap\">\n<h3>Ma voix mon choix !<\/h3>\n\n\n\n<p>Besoin d&rsquo;une voix pour un spot radio ? D&rsquo;une voix pour votre vid\u00e9o ? D&rsquo;enregistrements multi-langues pour votre IVR ? Alors n&rsquo;h\u00e9sitez pas \u00e0 nous contacter afin que nous vous envoyons notre catalogue de com\u00e9diens disponibles pour votre projet !<\/p>\n\n\n\n<p><\/p>\n<\/div><\/div>\n\n\n\n<div class=\"wp-block-uagb-column uagb-column__wrap uagb-column__background-undefined\" id=\"uagb-column-5c7db30c-de05-4206-bf76-6e4506bd053c\"><div class=\"uagb-column__overlay\"><\/div><div class=\"uagb-column__inner-wrap\">\n<ul><li>Service voix off (avec catalogue de com\u00e9diens).<\/li><li>Possibilit\u00e9s de langues vari\u00e9e (Fran\u00e7ais, Anglais, N\u00e9\u00e9rlandais, &#8230;)<\/li><li>Aussi pour les IVR et messages automatiques.<\/li><\/ul>\n\n\n\n<div class=\"wp-block-button aligncenter is-style-outline\"><a class=\"wp-block-button__link\" href=\"http:\/\/lafilmequipe.be\/index.php\/contact\/\">Recevoir un devis !<\/a><\/div>\n\n\n\n<p class=\"has-text-align-right has-small-font-size\"><\/p>\n<\/div><\/div>\n<\/div><\/section>\n\n\n\n<hr class=\"wp-block-separator has-text-color has-background has-cyan-bluish-gray-background-color has-cyan-bluish-gray-color is-style-wide\"\/>\n<\/div><\/section>\n\n\n\n<section class=\"wp-block-uagb-section uagb-section__wrap uagb-section__background-color alignfull\" id=\"uagb-section-7e864f10-0c00-4e2a-8e67-a591bfd11fae\"><div class=\"uagb-section__overlay\"><\/div><div class=\"uagb-section__inner-wrap\">\n<h2 class=\"has-text-align-center\" id=\"studio\">Location studio d&rsquo;enregistrement<\/h2>\n\n\n\n<hr class=\"wp-block-separator\"\/>\n\n\n\n<section class=\"wp-block-uagb-columns uagb-columns__wrap uagb-columns__background-undefined uagb-columns__stack-mobile uagb-columns__valign-top uagb-columns__gap-10 alignfull\" id=\"uagb-columns-2b956b9c-758d-4435-b798-b45291e79c34\"><div class=\"uagb-columns__overlay\"><\/div><div class=\"uagb-columns__inner-wrap uagb-columns__columns-3\">\n<div class=\"wp-block-uagb-column uagb-column__wrap uagb-column__background-undefined\" id=\"uagb-column-755dabc7-e5f9-4899-a337-0e798d757ce1\"><div class=\"uagb-column__overlay\"><\/div><div class=\"uagb-column__inner-wrap\">\n<h3>On vous enregistre !<\/h3>\n\n\n\n<p>Vous \u00eates un \u00e9tudiant qui r\u00e9alise un travail de fin d&rsquo;\u00e9tude en radio ou en journalisme ? Ou alors vous voulez enregistrer une d\u00e9mo pour la radio? Ou encore un livre audio, des podcasts, &#8230;<\/p>\n\n\n\n<p>Alors La FILM \u00e9quipe peut vous aider en vous louant son studio d&rsquo;enregistrement voix, et en vous mettant un ing\u00e9nieur du son \u00e0 disposition !<\/p>\n<\/div><\/div>\n\n\n\n<div class=\"wp-block-uagb-column uagb-column__wrap uagb-column__background-undefined\" id=\"uagb-column-eb313494-25f7-4d6b-80ba-b3a469c28910\"><div class=\"uagb-column__overlay\"><\/div><div class=\"uagb-column__inner-wrap\">\n<ul><li>Studio d&rsquo;enregistrement voix off professionnel.<\/li><li>Mixage et retouches de votre produit.<\/li><li>1 technicien ing\u00e9nieur du son.<\/li><li>Logiciels de montage et mixage.<\/li><\/ul>\n\n\n\n<p><\/p>\n<\/div><\/div>\n\n\n\n<div class=\"wp-block-uagb-column uagb-column__wrap uagb-column__background-undefined\" id=\"uagb-column-157bbf0b-6253-495f-9bce-76d56d6851f3\"><div class=\"uagb-column__overlay\"><\/div><div class=\"uagb-column__inner-wrap\">\n\n\n<div class=\"wp-block-uagb-advanced-heading\" id=\"uagb-adv-heading-85713766-4bc4-4fa9-85e5-dc7ee285bd8d\"><h3 class=\"uagb-heading-text\">Quelques photos<\/h3><div class=\"uagb-separator-wrap\"><div class=\"uagb-separator\"><\/div><\/div><p class=\"uagb-desc-text\"><\/p><\/div>\n\n\n\n<div style=\"height:20px\" aria-hidden=\"true\" class=\"wp-block-spacer\"><\/div>\n\n\n\n<div class=\"wp-block-button aligncenter is-style-outline\"><a class=\"wp-block-button__link\" href=\"http:\/\/lafilmequipe.be\/index.php\/contact\/\">Recevoir un devis !<\/a><\/div>\n\n\n\n<p class=\"has-text-align-right has-small-font-size\"><\/p>\n<\/div><\/div>\n<\/div><\/section>\n\n\n\n<hr class=\"wp-block-separator has-text-color has-background has-cyan-bluish-gray-background-color has-cyan-bluish-gray-color is-style-wide\"\/>\n<\/div><\/section>\n\n\n\n<p><\/p>\n","protected":false},"excerpt":{"rendered":"","protected":false},"author":1,"featured_media":0,"parent":644,"menu_order":0,"comment_status":"closed","ping_status":"closed","template":"","meta":{"spay_email":""},"yoast_head":"<!-- This site is optimized with the Yoast SEO plugin v16.1.1 - https:\/\/yoast.com\/wordpress\/plugins\/seo\/ -->\n<title>Habillage sonores et voix off - La Film \u00c9quipe<\/title>\n<meta name=\"description\" content=\"La Film Equipe r\u00e9pond \u00e0 vos besoin de vid\u00e9os en Wallonie et \u00e0 Bruxelles. Tournage, montage, production, ... pour soci\u00e9t\u00e9s, ASBL et m\u00e9dias.\" \/>\n<link rel=\"canonical\" href=\"http:\/\/lafilmequipe.be\/index.php\/services-2\/habillage-sonores-et-voix-off\/\" \/>\n<meta property=\"og:locale\" content=\"fr_FR\" \/>\n<meta property=\"og:type\" content=\"article\" \/>\n<meta property=\"og:title\" content=\"Habillage sonores et voix off - La Film \u00c9quipe\" \/>\n<meta property=\"og:description\" content=\"La Film Equipe r\u00e9pond \u00e0 vos besoin de vid\u00e9os en Wallonie et \u00e0 Bruxelles. Tournage, montage, production, ... pour soci\u00e9t\u00e9s, ASBL et m\u00e9dias.\" \/>\n<meta property=\"og:url\" content=\"http:\/\/lafilmequipe.be\/index.php\/services-2\/habillage-sonores-et-voix-off\/\" \/>\n<meta property=\"og:site_name\" content=\"La Film \u00c9quipe\" \/>\n<meta property=\"article:modified_time\" content=\"2019-11-25T11:48:33+00:00\" \/>\n<meta name=\"twitter:card\" content=\"summary_large_image\" \/>\n<meta name=\"twitter:label1\" content=\"Dur\u00e9e de lecture est.\">\n\t<meta name=\"twitter:data1\" content=\"1 minute\">\n<script type=\"application\/ld+json\" class=\"yoast-schema-graph\">{\"@context\":\"https:\/\/schema.org\",\"@graph\":[{\"@type\":\"WebSite\",\"@id\":\"http:\/\/lafilmequipe.be\/#website\",\"url\":\"http:\/\/lafilmequipe.be\/\",\"name\":\"La Film \\u00c9quipe\",\"description\":\"Production de vid\\u00e9os, films, et captations multi-cam\\u00e9ras\",\"potentialAction\":[{\"@type\":\"SearchAction\",\"target\":\"http:\/\/lafilmequipe.be\/?s={search_term_string}\",\"query-input\":\"required name=search_term_string\"}],\"inLanguage\":\"fr-FR\"},{\"@type\":\"WebPage\",\"@id\":\"http:\/\/lafilmequipe.be\/index.php\/services-2\/habillage-sonores-et-voix-off\/#webpage\",\"url\":\"http:\/\/lafilmequipe.be\/index.php\/services-2\/habillage-sonores-et-voix-off\/\",\"name\":\"Habillage sonores et voix off - La Film \\u00c9quipe\",\"isPartOf\":{\"@id\":\"http:\/\/lafilmequipe.be\/#website\"},\"datePublished\":\"2019-11-25T09:25:01+00:00\",\"dateModified\":\"2019-11-25T11:48:33+00:00\",\"description\":\"La Film Equipe r\\u00e9pond \\u00e0 vos besoin de vid\\u00e9os en Wallonie et \\u00e0 Bruxelles. Tournage, montage, production, ... pour soci\\u00e9t\\u00e9s, ASBL et m\\u00e9dias.\",\"breadcrumb\":{\"@id\":\"http:\/\/lafilmequipe.be\/index.php\/services-2\/habillage-sonores-et-voix-off\/#breadcrumb\"},\"inLanguage\":\"fr-FR\",\"potentialAction\":[{\"@type\":\"ReadAction\",\"target\":[\"http:\/\/lafilmequipe.be\/index.php\/services-2\/habillage-sonores-et-voix-off\/\"]}]},{\"@type\":\"BreadcrumbList\",\"@id\":\"http:\/\/lafilmequipe.be\/index.php\/services-2\/habillage-sonores-et-voix-off\/#breadcrumb\",\"itemListElement\":[{\"@type\":\"ListItem\",\"position\":1,\"item\":{\"@type\":\"WebPage\",\"@id\":\"http:\/\/lafilmequipe.be\/\",\"url\":\"http:\/\/lafilmequipe.be\/\",\"name\":\"Accueil\"}},{\"@type\":\"ListItem\",\"position\":2,\"item\":{\"@type\":\"WebPage\",\"@id\":\"https:\/\/lafilmequipe.be\/index.php\/services-2\/\",\"url\":\"https:\/\/lafilmequipe.be\/index.php\/services-2\/\",\"name\":\"Services\"}},{\"@type\":\"ListItem\",\"position\":3,\"item\":{\"@type\":\"WebPage\",\"@id\":\"http:\/\/lafilmequipe.be\/index.php\/services-2\/habillage-sonores-et-voix-off\/\",\"url\":\"http:\/\/lafilmequipe.be\/index.php\/services-2\/habillage-sonores-et-voix-off\/\",\"name\":\"Habillage sonores et voix off\"}}]}]}<\/script>\n<!-- \/ Yoast SEO plugin. -->","uagb_featured_image_src":{"full":false,"thumbnail":false,"medium":false,"medium_large":false,"large":false,"1536x1536":false,"2048x2048":false},"uagb_author_info":{"display_name":"admin1822","author_link":"https:\/\/lafilmequipe.be\/index.php\/author\/admin1822\/"},"uagb_comment_info":0,"uagb_excerpt":null,"jetpack_sharing_enabled":true,"_links":{"self":[{"href":"https:\/\/lafilmequipe.be\/index.php\/wp-json\/wp\/v2\/pages\/1252"}],"collection":[{"href":"https:\/\/lafilmequipe.be\/index.php\/wp-json\/wp\/v2\/pages"}],"about":[{"href":"https:\/\/lafilmequipe.be\/index.php\/wp-json\/wp\/v2\/types\/page"}],"author":[{"embeddable":true,"href":"https:\/\/lafilmequipe.be\/index.php\/wp-json\/wp\/v2\/users\/1"}],"replies":[{"embeddable":true,"href":"https:\/\/lafilmequipe.be\/index.php\/wp-json\/wp\/v2\/comments?post=1252"}],"version-history":[{"count":20,"href":"https:\/\/lafilmequipe.be\/index.php\/wp-json\/wp\/v2\/pages\/1252\/revisions"}],"predecessor-version":[{"id":1287,"href":"https:\/\/lafilmequipe.be\/index.php\/wp-json\/wp\/v2\/pages\/1252\/revisions\/1287"}],"up":[{"embeddable":true,"href":"https:\/\/lafilmequipe.be\/index.php\/wp-json\/wp\/v2\/pages\/644"}],"wp:attachment":[{"href":"https:\/\/lafilmequipe.be\/index.php\/wp-json\/wp\/v2\/media?parent=1252"}],"curies":[{"name":"wp","href":"https:\/\/api.w.org\/{rel}","templated":true}]}}